0101100000011000
In base 9, what is -2 + 168755?
168753
In base 2, what is -1011 + -100001011110?
-100001101001
In base 2, what is -111000101001001 + -1111?
-111000101011000
In base 7, what is 6235162 - -1?
6235163
In base 13, what is -9cc - -97?
-935
In base 16, what is -1 + 4ec2?
4ec1
In base 10, what is 1547 + -20?
1527
In base 9, what is 143460 + -8?
143451
In base 4, what is 3222 - -320100?
323322
In base 14, what is -3733 - 165?
-3898
In base 4, what is 333211 - -220?
1000031
In base 8, what is -3 - -100462?
100457
In base 16, what is -5e39b + 3?
-5e398
In base 16, what is -50d89 - 0?
-50d89
In base 8, what is -45 - 263373?
-263440
In base 8, what is 2035 - 4?
2031
In base 11, what is 15a1 - -56?
1647
In base 5, what is -104 + -34011214?
-34011323
In base 9, what is -43852 - -18?
-43833
In base 16, what is 6 - 1e420?
-1e41a
In base 6, what is 42 - -3554?
4040
In base 9, what is -8302 + 14?
-8277
In base 14, what is a1 + 1366?
1427
In base 6, what is -11444213 + 0?
-11444213
In base 16, what is -ef2 + -112?
-1004
In base 5, what is -1 + 1402112?
1402111
In base 10, what is 560 + 456?
1016
In base 2, what is 1001101101100011110 - 101?
1001101101100011001
In base 3, what is -1 - 21210212?
-21210220
In base 10, what is -5065 - -3?
-5062
In base 5, what is 1033400 - 2?
1033343
In base 12, what is -78557 - 4?
-7855b
In base 8, what is 10756 + 72?
11050
In base 8, what is 2256042 - -5?
2256047
In base 8, what is -1 - 707402?
-707403
In base 3, what is -11 - -1000200111?
1000200100
In base 10, what is -1800 - 84?
-1884
In base 6, what is -351 - 140332?
-141123
In base 5, what is -312113302 - 0?
-312113302
In base 5, what is 114040242 + -4?
114040233
In base 10, what is -5 - 101876?
-101881
In base 4, what is -101332110 + -11?
-101332121
In base 3, what is -21220111 - -10222?
-21202112
In base 14, what is -b + 12db3?
12da6
In base 8, what is -132 + 1031?
677
In base 3, what is 2 + -2020102221?
-2020102212
In base 12, what is -8b36b1 - -5?
-8b36a8
In base 11, what is -87 + -1252?
-1329
In base 4, what is 11222010 + 32?
11222102
In base 8, what is -1177 + 632?
-345
In base 10, what is -79443 - -2?
-79441
In base 2, what is 11000101 - 111011001111?
-111000001010
In base 9, what is 477768 - -4?
477773
In base 5, what is -113 + -104212?
-104330
In base 9, what is -16 + -4746?
-4763
In base 9, what is 76381 + 4?
76385
In base 2, what is -1000001 - -10101000011?
10100000010
In base 6, what is 5 - 10325232?
-10325223
In base 7, what is 66 + -3210?
-3111
In base 16, what is -23a0 + 0?
-23a0
In base 7, what is -342500 - 0?
-342500
In base 9, what is -10 + -721484?
-721504
In base 2, what is -111110100100 + 10000010?
-111100100010
In base 7, what is -23465 - -4?
-23461
In base 4, what is -2323200 - 10?
-2323210
In base 3, what is 120120 + 200111?
1021001
In base 2, what is -11000110 - -11000010?
-100
In base 6, what is 31512 + 243?
32155
In base 8, what is 235 - -54600?
55035
In base 12, what is -3 - a705?
-a708
In base 12, what is 1bab24 + 3?
1bab27
In base 5, what is 2 + 1242133?
1242140
In base 6, what is -13 - -2502302?
2502245
In base 6, what is -33303 + -205?
-33512
In base 2, what is 1000110001001101 - 11?
1000110001001010
In base 4, what is 132 + -11302311?
-11302113
In base 16, what is -6 + 59df1?
59deb
In base 16, what is e + -45bd?
-45af
In base 8, what is -112 - 54377?
-54511
In base 14, what is -1bc - 506?
-6c4
In base 10, what is -103 + -311?
-414
In base 3, what is 121 - 11202002?
-11201111
In base 8, what is -3 - -642416?
642413
In base 8, what is -5 + -1666436?
-1666443
In base 5, what is -120 - 2103004?
-2103124
In base 16, what is -1 - -b0e?
b0d
In base 2, what is -10110 + 1001001111100?
1001001100110
In base 5, what is 1120104 - -334?
1120443
In base 7, what is -6223 - 321?
-6544
In base 9, what is -5 + -43563?
-43568
In base 13, what is 4cba - -22?
500c
In base 14, what is -4 + d5a?
d56
In base 8, what is 10376 - -1464?
12062
In base 9, what is -54007 - -5?
-54002
In base 2, what is -11010010111001100 + 11?
-11010010111001001
In base 12, what is -4 - 11666?
-1166a
In base 6, what is 150 + 1453?
2043
In base 2, what is -11100000000 - -10111100?
-11001000100
In base 16, what is -98c82 - 5?
-98c87
In base 11, what is -2762 + 39?
-2724
In base 9, what is 3471 + 6?
3477
In base 13, what is 2 + ca94?
ca96
In base 13, what is 264a2b - -4?
264a32
In base 11, what is 764 + -38?
727
In base 2, what is -11000010001010 - 100111?
-11000010110001
In base 7, what is 343 + -60?
253
In base 14, what is 1b00 + 622?
2322
In base 14, what is 11 - c24?
-c13
In base 6, what is 42434 - -2?
42440
In base 5, what is 232112 + -102?
232010
In base 2, what is -11101000011011011100 - 1?
-11101000011011011101
In base 14, what is 4 + -3dc2?
-3dbc
In base 6, what is 5013 - -11111?
20124
In base 6, what is 1254022 + 3?
1254025
In base 5, what is 201122 + -12?
201110
In base 11, what is 2 + 77341?
77343
In base 6, what is -13341 + 24?
-13313
In base 9, what is 3 + 100878?
100882
In base 12, what is 11b5 + 448?
1641
In base 3, what is 110011 - -2002?
112020
In base 8, what is 3 + 141376?
141401
In base 12, what is 62 + -25238?
-25196
In base 15, what is 27 + -c11?
-bd9
In base 2, what is -1010010111101010100000 + 101?
-1010010111101010011011
In base 15, what is 6 - -a3b0?
a3b6
In base 4, what is 2100 + -1020?
1020
In base 8, what is -4 - 51146?
-51152
In base 12, what is 17413 - 6?
17409
In base 15, what is 1b2179 + -4?
1b2175
In base 6, what is 20541 + 1210?
22151
In base 10, what is -12616 + 330?
-12286
In base 8, what is -540 + 126?
-412
In base 12, what is -8 - -9883a?
98832
In base 12, what is 34 + -3156?
-3122
In base 9, what is -327186 - -2?
-327184
In base 5, what is 4141322 - 10?
4141312
In base 14, what is -73d1 + -1?
-73d2
In base 3, what is 221012020012 - -1?
221012020020
In base 2, what is -11111111 + 10101?
-11101010
In base 7, what is 256 - -3062?
3351
In base 13, what is -7 - -305a6?
3059c
In base 15, what is 412 + -21?
3e1
In base 2, what is -10100100000 - -11001100?
-10001010100
In base 4, what is 3312 + 301?
10213
In base 12, what is -6058 - 3?
-605b
In base 15, what is -32e + -1b?
-34a
In base 2, what is -100010000100111101 - 100?
-100010000101000001
In base 12, what is -1038a2 + 6?
-103898
In base 13, what is 8 - -15045?
15050
In base 11, what is -103281 + -6?
-103287
In base 11, what is 5 - -2891?
2896
In base 5, what is 101301 + 111?
101412
In base 14, what is ac - 72b?
-65d
In base 5, what is 12322 - -14302?
32124
In base 3, what is 21221002 - 12222?
21201010
In base 10, what is 1606512 + -3?
1606509
In base 8, what is -167 - -47063?
46674
In base 6, what is -1241 - 2431?
-4112
In base 5, what is 104214 - -33?
104302
In base 15, what is 1 - c1666?
-c1665
In base 6, what is 22131 + 25?
22200
In base 13, what is 11129 + ba?
11216
In base 8, what is -44332 + 54?
-44256
In base 11, what is -5 - 1013?
-1018
In base 9, what is 1852 - 107?
1744
In base 11, what is 1a - 3506?
-3497
In base 10, what is -172477 - -1?
-172476
In base 7, what is -62121 + -13?
-62134
In base 4, what is 32 - -122323?
123021
In base 9, what is 8 + 321863?
321872
In base 10, what is -472 - 272?
-744
In base 7, what is -312432 + -13?
-312445
In base 16, what is 2 - -6e8a?
6e8c
In base 11, what is 1 - 337a?
-3379
In base 6, what is 1450 + 12451?
14341
In base 4, what is 32 - -2233122?
2233220
In base 4, what is 13210232 + -121?
13210111
In base 7, what is 2335 + 20?
2355
In base 9, what is 521072 + 0?
521072
In base 14, what is -8 + -193ba?
-193c4
In base 9, what is 1831 + 6?
1837
In base 16, what is -14044 - -3?
-14041
In base 3, what is -21121 - 11121?
-110012
In base 13, what is 5655b - -8?
56566
In base 12, what is 7aaa - -3?
7ab1
In base 2, what is 110110101001000110101 - -10?
110110101001000110111
In base 7, what is -34323 - -16?
-34304
In base 8, what is -4 - -466755?
466751
In base 16, what is 2 + -6a06?
-6a04
In base 5, what is 30232 - -11?
30243
In base 11, what is 263a + -14?
2626
In base 5, what is 3044 + 30442?
34041
In base 14, what is 28 + 20b78?
20ba2
In base 7, what is 3 + 14056122?
14056125
In base 11, what is -2728 - 63?
-2790
In base 12, what is 46 - -2002?
2048
In base 10, what is 0 - 2803?
-2803
In base 8, what is -163423 - -5?
-163416
In base 5, what is 